{"id":20,"date":"2014-02-03T20:00:23","date_gmt":"2014-02-03T20:00:23","guid":{"rendered":"http:\/\/192.168.88.121\/imux\/?page_id=20"},"modified":"2014-02-05T12:56:35","modified_gmt":"2014-02-05T12:56:35","slug":"unternehmen","status":"publish","type":"page","link":"https:\/\/www.imux.de\/?page_id=20","title":{"rendered":"Unternehmen"},"content":{"rendered":"<p><strong>Unser Unternehmen<\/strong><\/p>\n<p>Die IMUX GmbH wurde im Januar 2001 von Ilja Moreth und Dagmar Lang gegr\u00fcndet. Als Nachfolgeorganisation der ILMO Informationssysteme, die seit 1993 von Ilja Moreth gef\u00fchrt wurde, ist der Sitz der IMUX GmbH Oberursel bei Frankfurt.<\/p>\n<p>Die IMUX GmbH bietet IT-Service f\u00fcr klein- und mittelst\u00e4ndischen Betriebe im Rhein-Main-Gebiet.<br \/>\nDazu geh\u00f6rt:<br \/>\n&#8211; die Planung und Installation von Netzwerk-L\u00f6sungen,<br \/>\n&#8211; herstellerunabh\u00e4ngige Beratung und Konzeption,<br \/>\n&#8211; Service und Support (inklusive umfassender Standortbetreuung),<br \/>\n&#8211; Realisierung kompletter Kommunikationsl\u00f6sungen<br \/>\n&#8211; plattform\u00fcbergreifendes Know-how.<\/p>\n<p>Ebenso bietet die IMUX GmbH seinen Kunden Unterst\u00fctzung im Bezug auf kaufm\u00e4nnische Software (Auftragsbearbeitung und Finanzbuchhaltung) und auf dem Weg ins Internet (Web-Design).<br \/>\nF\u00fcr uns steht eine qualifizierte Beratung vor jeder erfolgreichen und zufriedenstellenden EDV-Anschaffung. Wir analysieren die W\u00fcnsche, Anforderungen und Besonderheiten unserer Kunden und erarbeiten eine sinnvolle, gesamtheitliche L\u00f6sung. Darin enthalten sind die n\u00f6tige Hardware und Software, Installations- und Integrationsarbeiten sowie verschiedene Serviceleistungen.<\/p>\n","protected":false},"excerpt":{"rendered":"<p>Unser Unternehmen Die IMUX GmbH wurde im Januar 2001 von Ilja Moreth und Dagmar Lang gegr\u00fcndet. Als Nachfolgeorganisation der ILMO Informationssysteme, die seit 1993 von Ilja Moreth gef\u00fchrt wurde, ist der Sitz der IMUX GmbH Oberursel bei Frankfurt. Die IMUX GmbH bietet IT-Service f\u00fcr klein- und mittelst\u00e4ndischen Betriebe im Rhein-Main-Gebiet. Dazu geh\u00f6rt: &#8211; die Planung [&hellip;]<\/p>\n","protected":false},"author":1,"featured_media":0,"parent":0,"menu_order":0,"comment_status":"open","ping_status":"open","template":"","meta":{"footnotes":""},"class_list":["post-20","page","type-page","status-publish","hentry"],"_links":{"self":[{"href":"https:\/\/www.imux.de\/index.php?rest_route=\/wp\/v2\/pages\/20","targetHints":{"allow":["GET"]}}],"collection":[{"href":"https:\/\/www.imux.de\/index.php?rest_route=\/wp\/v2\/pages"}],"about":[{"href":"https:\/\/www.imux.de\/index.php?rest_route=\/wp\/v2\/types\/page"}],"author":[{"embeddable":true,"href":"https:\/\/www.imux.de\/index.php?rest_route=\/wp\/v2\/users\/1"}],"replies":[{"embeddable":true,"href":"https:\/\/www.imux.de\/index.php?rest_route=%2Fwp%2Fv2%2Fcomments&post=20"}],"version-history":[{"count":3,"href":"https:\/\/www.imux.de\/index.php?rest_route=\/wp\/v2\/pages\/20\/revisions"}],"predecessor-version":[{"id":129,"href":"https:\/\/www.imux.de\/index.php?rest_route=\/wp\/v2\/pages\/20\/revisions\/129"}],"wp:attachment":[{"href":"https:\/\/www.imux.de\/index.php?rest_route=%2Fwp%2Fv2%2Fmedia&parent=20"}],"curies":[{"name":"wp","href":"https:\/\/api.w.org\/{rel}","templated":true}]}}