{"id":46,"date":"2014-02-03T20:57:38","date_gmt":"2014-02-03T20:57:38","guid":{"rendered":"http:\/\/192.168.88.121\/imux\/?page_id=46"},"modified":"2014-02-05T10:37:17","modified_gmt":"2014-02-05T10:37:17","slug":"it-service","status":"publish","type":"page","link":"https:\/\/www.imux.de\/?page_id=46","title":{"rendered":"IT Service"},"content":{"rendered":"<p>Moderne IT-Systeme sollen helfen, flexibler und damit wettbewerbsf\u00e4higer am Markt zu agieren. Um dies aber tun zu k\u00f6nnen, m\u00fcssen alle Resourcen optimal genutzt, Anwender unterst\u00fctzt und maximale Verf\u00fcgbarkeit sichergestellt werden.<\/p>\n<p>M\u00f6chten auch Sie sich st\u00e4rker auf die Herausforderungen Ihres Marktes konzentrieren, ohne von den T\u00fccken und Fallstricken der modernen IT Ihrer Kapazit\u00e4ten beraubt zu werden?<\/p>\n<p>Die Imux GmbH hat sich unter anderem darauf spezialisiert, klein- und mittelst\u00e4ndischen Unternehmen im Rhein-Main-Gebiet einen umfassenden IT-Service &#8211; ma\u00dfgeschneiderten Installations- und Wartungsservice f\u00fcr jede IT-Struktur zu bieten.<\/p>\n<p>&nbsp;<\/p>\n<div><\/div>\n","protected":false},"excerpt":{"rendered":"<p>Moderne IT-Systeme sollen helfen, flexibler und damit wettbewerbsf\u00e4higer am Markt zu agieren. Um dies aber tun zu k\u00f6nnen, m\u00fcssen alle Resourcen optimal genutzt, Anwender unterst\u00fctzt und maximale Verf\u00fcgbarkeit sichergestellt werden. M\u00f6chten auch Sie sich st\u00e4rker auf die Herausforderungen Ihres Marktes konzentrieren, ohne von den T\u00fccken und Fallstricken der modernen IT Ihrer Kapazit\u00e4ten beraubt zu werden? [&hellip;]<\/p>\n","protected":false},"author":1,"featured_media":0,"parent":0,"menu_order":0,"comment_status":"open","ping_status":"open","template":"","meta":{"footnotes":""},"class_list":["post-46","page","type-page","status-publish","hentry"],"_links":{"self":[{"href":"https:\/\/www.imux.de\/index.php?rest_route=\/wp\/v2\/pages\/46","targetHints":{"allow":["GET"]}}],"collection":[{"href":"https:\/\/www.imux.de\/index.php?rest_route=\/wp\/v2\/pages"}],"about":[{"href":"https:\/\/www.imux.de\/index.php?rest_route=\/wp\/v2\/types\/page"}],"author":[{"embeddable":true,"href":"https:\/\/www.imux.de\/index.php?rest_route=\/wp\/v2\/users\/1"}],"replies":[{"embeddable":true,"href":"https:\/\/www.imux.de\/index.php?rest_route=%2Fwp%2Fv2%2Fcomments&post=46"}],"version-history":[{"count":2,"href":"https:\/\/www.imux.de\/index.php?rest_route=\/wp\/v2\/pages\/46\/revisions"}],"predecessor-version":[{"id":90,"href":"https:\/\/www.imux.de\/index.php?rest_route=\/wp\/v2\/pages\/46\/revisions\/90"}],"wp:attachment":[{"href":"https:\/\/www.imux.de\/index.php?rest_route=%2Fwp%2Fv2%2Fmedia&parent=46"}],"curies":[{"name":"wp","href":"https:\/\/api.w.org\/{rel}","templated":true}]}}